{"id":2380,"date":"2026-03-27T16:29:08","date_gmt":"2026-03-27T16:29:08","guid":{"rendered":"https:\/\/www.uefsanantonio.com\/?page_id=2380"},"modified":"2026-04-06T13:30:41","modified_gmt":"2026-04-06T13:30:41","slug":"politicas","status":"publish","type":"page","link":"https:\/\/www.uefsanantonio.com\/?page_id=2380","title":{"rendered":"Pol\u00edticas"},"content":{"rendered":"\t\t<div data-elementor-type=\"wp-page\" data-elementor-id=\"2380\" class=\"elementor elementor-2380\">\n\t\t\t\t<div class=\"elementor-element elementor-element-6927759 e-flex e-con-boxed e-con e-parent\" data-id=\"6927759\" data-element_type=\"container\" data-e-type=\"container\">\n\t\t\t\t\t<div class=\"e-con-inner\">\n\t\t\t\t<div class=\"elementor-element elementor-element-f1120ba elementor-widget-divider--view-line elementor-widget elementor-widget-divider\" data-id=\"f1120ba\" data-element_type=\"widget\" data-e-type=\"widget\" data-widget_type=\"divider.default\">\n\t\t\t\t\t\t\t<div class=\"elementor-divider\">\n\t\t\t<span class=\"elementor-divider-separator\">\n\t\t\t\t\t\t<\/span>\n\t\t<\/div>\n\t\t\t\t\t\t<\/div>\n\t\t\t\t\t<\/div>\n\t\t\t\t<\/div>\n\t\t<div class=\"elementor-element elementor-element-17f46b3 e-con-full e-flex e-con e-parent\" data-id=\"17f46b3\" data-element_type=\"container\" data-e-type=\"container\">\n\t\t<div class=\"elementor-element elementor-element-43bcc31 e-con-full e-flex e-con e-child\" data-id=\"43bcc31\" data-element_type=\"container\" data-e-type=\"container\">\n\t\t\t\t<div class=\"elementor-element elementor-element-0c860b1 elementor-widget__width-initial elementor-invisible elementor-widget elementor-widget-image\" data-id=\"0c860b1\" data-element_type=\"widget\" data-e-type=\"widget\" data-settings=\"{&quot;_animation&quot;:&quot;fadeInLeft&quot;}\" data-widget_type=\"image.default\">\n\t\t\t\t\t\t\t\t\t\t\t\t\t\t\t<img fetchpriority=\"high\" decoding=\"async\" width=\"1000\" height=\"800\" src=\"https:\/\/www.uefsanantonio.com\/wp-content\/uploads\/2026\/03\/politicas.png\" class=\"elementor-animation-shrink attachment-large size-large wp-image-2384\" alt=\"\" srcset=\"https:\/\/www.uefsanantonio.com\/wp-content\/uploads\/2026\/03\/politicas.png 1000w, https:\/\/www.uefsanantonio.com\/wp-content\/uploads\/2026\/03\/politicas-300x240.png 300w, https:\/\/www.uefsanantonio.com\/wp-content\/uploads\/2026\/03\/politicas-768x614.png 768w\" sizes=\"(max-width: 1000px) 100vw, 1000px\" \/>\t\t\t\t\t\t\t\t\t\t\t\t\t\t\t<\/div>\n\t\t\t\t<\/div>\n\t\t<div class=\"elementor-element elementor-element-d1ff7da e-con-full e-flex e-con e-child\" data-id=\"d1ff7da\" data-element_type=\"container\" data-e-type=\"container\">\n\t\t\t\t<div class=\"elementor-element elementor-element-58448d2 elementor-widget__width-initial elementor-invisible elementor-widget elementor-widget-text-editor\" data-id=\"58448d2\" data-element_type=\"widget\" data-e-type=\"widget\" data-settings=\"{&quot;_animation&quot;:&quot;fadeInRight&quot;}\" data-widget_type=\"text-editor.default\">\n\t\t\t\t\t\t\t\t\t<ul><li>Preservar y fortalecer los valores familiares, sociales, culturales locales y nacionales.<\/li><li>Desarrollar la capacidad f\u00edsica, intelectual, creadora, innovadora, solidaria, justa y cr\u00edtica del estudiante, respetando su identidad personal para que contribuya activamente a la transformaci\u00f3n moral, pol\u00edtica, social, cultural y econ\u00f3mica del pa\u00eds.<\/li><li>Educar en la b\u00fasqueda de la identidad y la autonom\u00eda personal, propendiendo con una visi\u00f3n de s\u00ed mismo y del mundo, valorando el esfuerzo propio y ajeno por encima del resultado.<\/li><li>Respeto al medio ambiente.<\/li><li>Permitir el desarrollo de las disciplinas deportivas, culturales, art\u00edsticas y recreativas como formas de interrelaci\u00f3n.<\/li><\/ul>\t\t\t\t\t\t\t\t<\/div>\n\t\t\t\t<\/div>\n\t\t\t\t<\/div>\n\t\t<div class=\"elementor-element elementor-element-2aaf94a e-flex e-con-boxed e-con e-parent\" data-id=\"2aaf94a\" data-element_type=\"container\" data-e-type=\"container\">\n\t\t\t\t\t<div class=\"e-con-inner\">\n\t\t\t\t<div class=\"elementor-element elementor-element-5dd1274 elementor-widget-divider--view-line elementor-widget elementor-widget-divider\" data-id=\"5dd1274\" data-element_type=\"widget\" data-e-type=\"widget\" data-widget_type=\"divider.default\">\n\t\t\t\t\t\t\t<div class=\"elementor-divider\">\n\t\t\t<span class=\"elementor-divider-separator\">\n\t\t\t\t\t\t<\/span>\n\t\t<\/div>\n\t\t\t\t\t\t<\/div>\n\t\t\t\t\t<\/div>\n\t\t\t\t<\/div>\n\t\t<div class=\"elementor-element elementor-element-ae74cdc e-flex e-con-boxed e-con e-parent\" data-id=\"ae74cdc\" data-element_type=\"container\" data-e-type=\"container\">\n\t\t\t\t\t<div class=\"e-con-inner\">\n\t\t\t\t<div class=\"elementor-element elementor-element-f404a78 elementor-invisible elementor-widget elementor-widget-image-gallery\" data-id=\"f404a78\" data-element_type=\"widget\" data-e-type=\"widget\" data-settings=\"{&quot;_animation&quot;:&quot;fadeInUp&quot;}\" data-widget_type=\"image-gallery.default\">\n\t\t\t\t\t\t\t<div class=\"elementor-image-gallery\">\n\t\t\t\n\t\t<style type=\"text\/css\">\n\t\t\t#gallery-1 {\n\t\t\t\tmargin: auto;\n\t\t\t}\n\t\t\t#gallery-1 .gallery-item {\n\t\t\t\tfloat: left;\n\t\t\t\tmargin-top: 10px;\n\t\t\t\ttext-align: center;\n\t\t\t\twidth: 25%;\n\t\t\t}\n\t\t\t#gallery-1 img {\n\t\t\t\tborder: 2px solid #cfcfcf;\n\t\t\t}\n\t\t\t#gallery-1 .gallery-caption {\n\t\t\t\tmargin-left: 0;\n\t\t\t}\n\t\t\t\/* see gallery_shortcode() in wp-includes\/media.php *\/\n\t\t<\/style>\n\t\t<div id='gallery-1' class='gallery galleryid-2380 gallery-columns-4 gallery-size-thumbnail'><dl class='gallery-item'>\n\t\t\t<dt class='gallery-icon landscape'>\n\t\t\t\t<a data-elementor-open-lightbox=\"yes\" data-elementor-lightbox-slideshow=\"f404a78\" data-elementor-lightbox-title=\"a4\" data-e-action-hash=\"#elementor-action%3Aaction%3Dlightbox%26settings%3DeyJpZCI6MjU0NCwidXJsIjoiaHR0cHM6XC9cL3d3dy51ZWZzYW5hbnRvbmlvLmNvbVwvd3AtY29udGVudFwvdXBsb2Fkc1wvMjAyNlwvMDNcL2E0LmpwZyIsInNsaWRlc2hvdyI6ImY0MDRhNzgifQ%3D%3D\" href='https:\/\/www.uefsanantonio.com\/wp-content\/uploads\/2026\/03\/a4.jpg'><img decoding=\"async\" width=\"150\" height=\"150\" src=\"https:\/\/www.uefsanantonio.com\/wp-content\/uploads\/2026\/03\/a4-150x150.jpg\" class=\"attachment-thumbnail size-thumbnail\" alt=\"\" \/><\/a>\n\t\t\t<\/dt><\/dl><dl class='gallery-item'>\n\t\t\t<dt class='gallery-icon landscape'>\n\t\t\t\t<a data-elementor-open-lightbox=\"yes\" data-elementor-lightbox-slideshow=\"f404a78\" data-elementor-lightbox-title=\"a3\" data-e-action-hash=\"#elementor-action%3Aaction%3Dlightbox%26settings%3DeyJpZCI6MjU0MywidXJsIjoiaHR0cHM6XC9cL3d3dy51ZWZzYW5hbnRvbmlvLmNvbVwvd3AtY29udGVudFwvdXBsb2Fkc1wvMjAyNlwvMDNcL2EzLmpwZyIsInNsaWRlc2hvdyI6ImY0MDRhNzgifQ%3D%3D\" href='https:\/\/www.uefsanantonio.com\/wp-content\/uploads\/2026\/03\/a3.jpg'><img decoding=\"async\" width=\"150\" height=\"150\" src=\"https:\/\/www.uefsanantonio.com\/wp-content\/uploads\/2026\/03\/a3-150x150.jpg\" class=\"attachment-thumbnail size-thumbnail\" alt=\"\" \/><\/a>\n\t\t\t<\/dt><\/dl><dl class='gallery-item'>\n\t\t\t<dt class='gallery-icon landscape'>\n\t\t\t\t<a data-elementor-open-lightbox=\"yes\" data-elementor-lightbox-slideshow=\"f404a78\" data-elementor-lightbox-title=\"cropped-prin.jpg\" data-e-action-hash=\"#elementor-action%3Aaction%3Dlightbox%26settings%3DeyJpZCI6MjAsInVybCI6Imh0dHBzOlwvXC93d3cudWVmc2FuYW50b25pby5jb21cL3dwLWNvbnRlbnRcL3VwbG9hZHNcLzIwMjZcLzAzXC9jcm9wcGVkLXByaW4uanBnIiwic2xpZGVzaG93IjoiZjQwNGE3OCJ9\" data-elementor-lightbox-description=\"https:\/\/www.uefsanantonio.com\/wp-content\/uploads\/2026\/03\/cropped-prin.jpg\" href='https:\/\/www.uefsanantonio.com\/wp-content\/uploads\/2026\/03\/cropped-prin.jpg'><img loading=\"lazy\" decoding=\"async\" width=\"150\" height=\"150\" src=\"https:\/\/www.uefsanantonio.com\/wp-content\/uploads\/2026\/03\/cropped-prin-150x150.jpg\" class=\"attachment-thumbnail size-thumbnail\" alt=\"\" \/><\/a>\n\t\t\t<\/dt><\/dl><dl class='gallery-item'>\n\t\t\t<dt class='gallery-icon landscape'>\n\t\t\t\t<a data-elementor-open-lightbox=\"yes\" data-elementor-lightbox-slideshow=\"f404a78\" data-elementor-lightbox-title=\"2\" data-e-action-hash=\"#elementor-action%3Aaction%3Dlightbox%26settings%3DeyJpZCI6MjAyMiwidXJsIjoiaHR0cHM6XC9cL3d3dy51ZWZzYW5hbnRvbmlvLmNvbVwvd3AtY29udGVudFwvdXBsb2Fkc1wvMjAyNlwvMDNcLzItMS5qcGciLCJzbGlkZXNob3ciOiJmNDA0YTc4In0%3D\" data-elementor-lightbox-description=\"https:\/\/www.uefsanantonio.com\/wp-content\/uploads\/2026\/03\/cropped-prin.jpg\" href='https:\/\/www.uefsanantonio.com\/wp-content\/uploads\/2026\/03\/2-1.jpg'><img loading=\"lazy\" decoding=\"async\" width=\"150\" height=\"150\" src=\"https:\/\/www.uefsanantonio.com\/wp-content\/uploads\/2026\/03\/2-1-150x150.jpg\" class=\"attachment-thumbnail size-thumbnail\" alt=\"\" \/><\/a>\n\t\t\t<\/dt><\/dl><br style=\"clear: both\" \/><dl class='gallery-item'>\n\t\t\t<dt class='gallery-icon landscape'>\n\t\t\t\t<a data-elementor-open-lightbox=\"yes\" data-elementor-lightbox-slideshow=\"f404a78\" data-elementor-lightbox-title=\"prin1\" data-e-action-hash=\"#elementor-action%3Aaction%3Dlightbox%26settings%3DeyJpZCI6MTcsInVybCI6Imh0dHBzOlwvXC93d3cudWVmc2FuYW50b25pby5jb21cL3dwLWNvbnRlbnRcL3VwbG9hZHNcLzIwMjZcLzAzXC9wcmluMS5qcGciLCJzbGlkZXNob3ciOiJmNDA0YTc4In0%3D\" data-elementor-lightbox-description=\"https:\/\/www.uefsanantonio.com\/wp-content\/uploads\/2026\/03\/cropped-prin.jpg\" href='https:\/\/www.uefsanantonio.com\/wp-content\/uploads\/2026\/03\/prin1.jpg'><img loading=\"lazy\" decoding=\"async\" width=\"150\" height=\"150\" src=\"https:\/\/www.uefsanantonio.com\/wp-content\/uploads\/2026\/03\/prin1-150x150.jpg\" class=\"attachment-thumbnail size-thumbnail\" alt=\"\" \/><\/a>\n\t\t\t<\/dt><\/dl><dl class='gallery-item'>\n\t\t\t<dt class='gallery-icon landscape'>\n\t\t\t\t<a data-elementor-open-lightbox=\"yes\" data-elementor-lightbox-slideshow=\"f404a78\" data-elementor-lightbox-title=\"9\" data-e-action-hash=\"#elementor-action%3Aaction%3Dlightbox%26settings%3DeyJpZCI6NzEsInVybCI6Imh0dHBzOlwvXC93d3cudWVmc2FuYW50b25pby5jb21cL3dwLWNvbnRlbnRcL3VwbG9hZHNcLzIwMjZcLzAzXC85LmpwZyIsInNsaWRlc2hvdyI6ImY0MDRhNzgifQ%3D%3D\" data-elementor-lightbox-description=\"https:\/\/www.uefsanantonio.com\/wp-content\/uploads\/2026\/03\/cropped-prin.jpg\" href='https:\/\/www.uefsanantonio.com\/wp-content\/uploads\/2026\/03\/9.jpg'><img loading=\"lazy\" decoding=\"async\" width=\"150\" height=\"150\" src=\"https:\/\/www.uefsanantonio.com\/wp-content\/uploads\/2026\/03\/9-150x150.jpg\" class=\"attachment-thumbnail size-thumbnail\" alt=\"\" \/><\/a>\n\t\t\t<\/dt><\/dl><dl class='gallery-item'>\n\t\t\t<dt class='gallery-icon landscape'>\n\t\t\t\t<a data-elementor-open-lightbox=\"yes\" data-elementor-lightbox-slideshow=\"f404a78\" data-elementor-lightbox-title=\"WhatsApp Image 2026-03-12 at 9.34.30 AM\" data-e-action-hash=\"#elementor-action%3Aaction%3Dlightbox%26settings%3DeyJpZCI6MzQzLCJ1cmwiOiJodHRwczpcL1wvd3d3LnVlZnNhbmFudG9uaW8uY29tXC93cC1jb250ZW50XC91cGxvYWRzXC8yMDI2XC8wM1wvV2hhdHNBcHAtSW1hZ2UtMjAyNi0wMy0xMi1hdC05LjM0LjMwLUFNLmpwZWciLCJzbGlkZXNob3ciOiJmNDA0YTc4In0%3D\" data-elementor-lightbox-description=\"https:\/\/www.uefsanantonio.com\/wp-content\/uploads\/2026\/03\/cropped-prin.jpg\" href='https:\/\/www.uefsanantonio.com\/wp-content\/uploads\/2026\/03\/WhatsApp-Image-2026-03-12-at-9.34.30-AM.jpeg'><img loading=\"lazy\" decoding=\"async\" width=\"150\" height=\"150\" src=\"https:\/\/www.uefsanantonio.com\/wp-content\/uploads\/2026\/03\/WhatsApp-Image-2026-03-12-at-9.34.30-AM-150x150.jpeg\" class=\"attachment-thumbnail size-thumbnail\" alt=\"\" \/><\/a>\n\t\t\t<\/dt><\/dl><dl class='gallery-item'>\n\t\t\t<dt class='gallery-icon landscape'>\n\t\t\t\t<a data-elementor-open-lightbox=\"yes\" data-elementor-lightbox-slideshow=\"f404a78\" data-elementor-lightbox-title=\"cropped-7.jpg\" data-e-action-hash=\"#elementor-action%3Aaction%3Dlightbox%26settings%3DeyJpZCI6MTM0LCJ1cmwiOiJodHRwczpcL1wvd3d3LnVlZnNhbmFudG9uaW8uY29tXC93cC1jb250ZW50XC91cGxvYWRzXC8yMDI2XC8wM1wvY3JvcHBlZC03LmpwZyIsInNsaWRlc2hvdyI6ImY0MDRhNzgifQ%3D%3D\" data-elementor-lightbox-description=\"https:\/\/www.uefsanantonio.com\/wp-content\/uploads\/2026\/03\/cropped-7.jpg\" href='https:\/\/www.uefsanantonio.com\/wp-content\/uploads\/2026\/03\/cropped-7.jpg'><img loading=\"lazy\" decoding=\"async\" width=\"150\" height=\"150\" src=\"https:\/\/www.uefsanantonio.com\/wp-content\/uploads\/2026\/03\/cropped-7-150x150.jpg\" class=\"attachment-thumbnail size-thumbnail\" alt=\"\" \/><\/a>\n\t\t\t<\/dt><\/dl><br style=\"clear: both\" \/>\n\t\t<\/div>\n\t\t<\/div>\n\t\t\t\t\t\t<\/div>\n\t\t\t\t\t<\/div>\n\t\t\t\t<\/div>\n\t\t<div class=\"elementor-element elementor-element-2ca14bb e-flex e-con-boxed e-con e-parent\" data-id=\"2ca14bb\" data-element_type=\"container\" data-e-type=\"container\">\n\t\t\t\t\t<div class=\"e-con-inner\">\n\t\t\t\t<div class=\"elementor-element elementor-element-944847e elementor-widget-divider--view-line elementor-widget elementor-widget-divider\" data-id=\"944847e\" data-element_type=\"widget\" data-e-type=\"widget\" data-widget_type=\"divider.default\">\n\t\t\t\t\t\t\t<div class=\"elementor-divider\">\n\t\t\t<span class=\"elementor-divider-separator\">\n\t\t\t\t\t\t<\/span>\n\t\t<\/div>\n\t\t\t\t\t\t<\/div>\n\t\t\t\t\t<\/div>\n\t\t\t\t<\/div>\n\t\t\t\t<\/div>\n\t\t","protected":false},"excerpt":{"rendered":"<p>Preservar y fortalecer los valores familiares, sociales, culturales locales y nacionales. Desarrollar la capacidad f\u00edsica, intelectual, creadora, innovadora, solidaria, justa y cr\u00edtica del estudiante, respetando su identidad personal para que contribuya activamente a la transformaci\u00f3n moral, pol\u00edtica, social, cultural y econ\u00f3mica del pa\u00eds. Educar en la b\u00fasqueda de la identidad y la autonom\u00eda personal, propendiendo [&hellip;]<\/p>\n","protected":false},"author":1,"featured_media":0,"parent":0,"menu_order":0,"comment_status":"closed","ping_status":"closed","template":"","meta":{"footnotes":""},"class_list":["post-2380","page","type-page","status-publish","hentry"],"_links":{"self":[{"href":"https:\/\/www.uefsanantonio.com\/index.php?rest_route=\/wp\/v2\/pages\/2380","targetHints":{"allow":["GET"]}}],"collection":[{"href":"https:\/\/www.uefsanantonio.com\/index.php?rest_route=\/wp\/v2\/pages"}],"about":[{"href":"https:\/\/www.uefsanantonio.com\/index.php?rest_route=\/wp\/v2\/types\/page"}],"author":[{"embeddable":true,"href":"https:\/\/www.uefsanantonio.com\/index.php?rest_route=\/wp\/v2\/users\/1"}],"replies":[{"embeddable":true,"href":"https:\/\/www.uefsanantonio.com\/index.php?rest_route=%2Fwp%2Fv2%2Fcomments&post=2380"}],"version-history":[{"count":61,"href":"https:\/\/www.uefsanantonio.com\/index.php?rest_route=\/wp\/v2\/pages\/2380\/revisions"}],"predecessor-version":[{"id":2969,"href":"https:\/\/www.uefsanantonio.com\/index.php?rest_route=\/wp\/v2\/pages\/2380\/revisions\/2969"}],"wp:attachment":[{"href":"https:\/\/www.uefsanantonio.com\/index.php?rest_route=%2Fwp%2Fv2%2Fmedia&parent=2380"}],"curies":[{"name":"wp","href":"https:\/\/api.w.org\/{rel}","templated":true}]}}