{"id":34,"date":"2026-03-11T15:18:34","date_gmt":"2026-03-11T15:18:34","guid":{"rendered":"https:\/\/www.uefsanantonio.com\/?page_id=34"},"modified":"2026-04-06T13:44:40","modified_gmt":"2026-04-06T13:44:40","slug":"autoridades","status":"publish","type":"page","link":"https:\/\/www.uefsanantonio.com\/?page_id=34","title":{"rendered":"Autoridades"},"content":{"rendered":"\t\t<div data-elementor-type=\"wp-page\" data-elementor-id=\"34\" class=\"elementor elementor-34\">\n\t\t\t\t<div class=\"elementor-element elementor-element-c27240d e-con-full e-flex e-con e-parent\" data-id=\"c27240d\" data-element_type=\"container\" data-e-type=\"container\">\n\t\t\t\t<div class=\"elementor-element elementor-element-7e139d4 elementor-invisible elementor-widget elementor-widget-heading\" data-id=\"7e139d4\" data-element_type=\"widget\" data-e-type=\"widget\" data-settings=\"{&quot;_animation&quot;:&quot;fadeInRight&quot;}\" data-widget_type=\"heading.default\">\n\t\t\t\t\t<h2 class=\"elementor-heading-title elementor-size-default\">L\u00edder Institucional \ud83d\udc69\ud83c\udffd\u200d\ud83d\udcbb<\/h2>\t\t\t\t<\/div>\n\t\t\t\t<\/div>\n\t\t<div class=\"elementor-element elementor-element-24a8a69 e-flex e-con-boxed e-con e-parent\" data-id=\"24a8a69\" data-element_type=\"container\" data-e-type=\"container\">\n\t\t\t\t\t<div class=\"e-con-inner\">\n\t\t\t\t<div class=\"elementor-element elementor-element-c546b80 elementor-widget-divider--view-line elementor-widget elementor-widget-divider\" data-id=\"c546b80\" data-element_type=\"widget\" data-e-type=\"widget\" data-widget_type=\"divider.default\">\n\t\t\t\t\t\t\t<div class=\"elementor-divider\">\n\t\t\t<span class=\"elementor-divider-separator\">\n\t\t\t\t\t\t<\/span>\n\t\t<\/div>\n\t\t\t\t\t\t<\/div>\n\t\t\t\t\t<\/div>\n\t\t\t\t<\/div>\n\t\t<div class=\"elementor-element elementor-element-ff7b377 e-con-full e-flex elementor-invisible e-con e-parent\" data-id=\"ff7b377\" data-element_type=\"container\" data-e-type=\"container\" data-settings=\"{&quot;animation&quot;:&quot;fadeInUp&quot;}\">\n\t\t\t\t<div class=\"elementor-element elementor-element-1576981 elementor-widget elementor-widget-text-editor\" data-id=\"1576981\" data-element_type=\"widget\" data-e-type=\"widget\" data-widget_type=\"text-editor.default\">\n\t\t\t\t\t\t\t\t\t<p><h3 data-path-to-node=\"5\"><\/h3><\/p><blockquote data-path-to-node=\"4\"><p data-path-to-node=\"4,1\">La gesti\u00f3n acad\u00e9mica y administrativa de la Unidad Educativa Fiscal \u00abSan Antonio de Cumbe\u00bb est\u00e1 bajo la direcci\u00f3n de nuestra Rectora, quien lidera con compromiso la formaci\u00f3n integral de nuestros estudiantes. Su visi\u00f3n se enfoca en la excelencia educativa, los valores humanos y el fortalecimiento de la comunidad educativa en un ambiente de respeto y equidad.<\/p><\/blockquote>\t\t\t\t\t\t\t\t<\/div>\n\t\t\t\t<\/div>\n\t\t<div class=\"elementor-element elementor-element-20d61d2 e-flex e-con-boxed e-con e-parent\" data-id=\"20d61d2\" data-element_type=\"container\" data-e-type=\"container\">\n\t\t\t\t\t<div class=\"e-con-inner\">\n\t\t\t\t\t<\/div>\n\t\t\t\t<\/div>\n\t\t<div class=\"elementor-element elementor-element-eee5206 e-con-full e-flex elementor-invisible e-con e-parent\" data-id=\"eee5206\" data-element_type=\"container\" data-e-type=\"container\" data-settings=\"{&quot;animation&quot;:&quot;fadeInRight&quot;}\">\n\t\t<div class=\"elementor-element elementor-element-3ff7a20 e-con-full e-flex e-con e-child\" data-id=\"3ff7a20\" data-element_type=\"container\" data-e-type=\"container\">\n\t\t\t\t<div class=\"elementor-element elementor-element-845e6da elementor-widget__width-initial elementor-invisible elementor-widget elementor-widget-image\" data-id=\"845e6da\" data-element_type=\"widget\" data-e-type=\"widget\" data-settings=\"{&quot;_animation&quot;:&quot;fadeInLeft&quot;}\" data-widget_type=\"image.default\">\n\t\t\t\t\t\t\t\t\t\t\t\t\t\t\t<img fetchpriority=\"high\" decoding=\"async\" width=\"768\" height=\"1024\" src=\"https:\/\/www.uefsanantonio.com\/wp-content\/uploads\/2026\/03\/7-1-768x1024.jpg\" class=\"elementor-animation-shrink attachment-large size-large wp-image-1595\" alt=\"\" srcset=\"https:\/\/www.uefsanantonio.com\/wp-content\/uploads\/2026\/03\/7-1-768x1024.jpg 768w, https:\/\/www.uefsanantonio.com\/wp-content\/uploads\/2026\/03\/7-1-225x300.jpg 225w, https:\/\/www.uefsanantonio.com\/wp-content\/uploads\/2026\/03\/7-1-1152x1536.jpg 1152w, https:\/\/www.uefsanantonio.com\/wp-content\/uploads\/2026\/03\/7-1.jpg 1200w\" sizes=\"(max-width: 768px) 100vw, 768px\" \/>\t\t\t\t\t\t\t\t\t\t\t\t\t\t\t<\/div>\n\t\t\t\t<\/div>\n\t\t<div class=\"elementor-element elementor-element-04d7c49 e-con-full e-flex e-con e-child\" data-id=\"04d7c49\" data-element_type=\"container\" data-e-type=\"container\">\n\t\t\t\t<div class=\"elementor-element elementor-element-846aed9 elementor-widget__width-initial elementor-widget elementor-widget-text-editor\" data-id=\"846aed9\" data-element_type=\"widget\" data-e-type=\"widget\" data-widget_type=\"text-editor.default\">\n\t\t\t\t\t\t\t\t\t<p><span style=\"font-family:&quot;Book Antiqua&quot;,serif\"><b>Ing. Luz<br>Marlene Gonz\u00e1lez Espinoza&nbsp; <o:p><\/o:p><\/b><\/span><\/p>\n<p><\/p>\n<p><span style=\"font-family:&quot;Book Antiqua&quot;,serif\">Ingeniera agr\u00f3noma, cuenta con 16 a\u00f1os de experiencia docente, dedicada a la ense\u00f1anza integral de las ciencias naturales, facilitando la comprensi\u00f3n de los fen\u00f3menos biol\u00f3gicos y geol\u00f3gicos que dan forma a nuestro mundo, adem\u00e1s tiene 2 a\u00f1os frente a la instituci\u00f3n educativa&nbsp;<o:p><\/o:p><\/span><\/p>\t\t\t\t\t\t\t\t<\/div>\n\t\t\t\t<\/div>\n\t\t\t\t<\/div>\n\t\t<div class=\"elementor-element elementor-element-dd5878a e-flex e-con-boxed e-con e-parent\" data-id=\"dd5878a\" data-element_type=\"container\" data-e-type=\"container\">\n\t\t\t\t\t<div class=\"e-con-inner\">\n\t\t\t\t<div class=\"elementor-element elementor-element-3cc677e elementor-widget-divider--view-line elementor-widget elementor-widget-divider\" data-id=\"3cc677e\" data-element_type=\"widget\" data-e-type=\"widget\" data-widget_type=\"divider.default\">\n\t\t\t\t\t\t\t<div class=\"elementor-divider\">\n\t\t\t<span class=\"elementor-divider-separator\">\n\t\t\t\t\t\t<\/span>\n\t\t<\/div>\n\t\t\t\t\t\t<\/div>\n\t\t\t\t\t<\/div>\n\t\t\t\t<\/div>\n\t\t\t\t<\/div>\n\t\t","protected":false},"excerpt":{"rendered":"<p>L\u00edder Institucional &#x1f469;&#x1f3fd;&#x200d;&#x1f4bb; La gesti\u00f3n acad\u00e9mica y administrativa de la Unidad Educativa Fiscal \u00abSan Antonio de Cumbe\u00bb est\u00e1 bajo la direcci\u00f3n de nuestra Rectora, quien lidera con compromiso la formaci\u00f3n integral de nuestros estudiantes. Su visi\u00f3n se enfoca en la excelencia educativa, los valores humanos y el fortalecimiento de la comunidad educativa en un ambiente [&hellip;]<\/p>\n","protected":false},"author":1,"featured_media":0,"parent":0,"menu_order":0,"comment_status":"closed","ping_status":"closed","template":"page-templates\/full-width-page.php","meta":{"footnotes":""},"class_list":["post-34","page","type-page","status-publish","hentry"],"_links":{"self":[{"href":"https:\/\/www.uefsanantonio.com\/index.php?rest_route=\/wp\/v2\/pages\/34","targetHints":{"allow":["GET"]}}],"collection":[{"href":"https:\/\/www.uefsanantonio.com\/index.php?rest_route=\/wp\/v2\/pages"}],"about":[{"href":"https:\/\/www.uefsanantonio.com\/index.php?rest_route=\/wp\/v2\/types\/page"}],"author":[{"embeddable":true,"href":"https:\/\/www.uefsanantonio.com\/index.php?rest_route=\/wp\/v2\/users\/1"}],"replies":[{"embeddable":true,"href":"https:\/\/www.uefsanantonio.com\/index.php?rest_route=%2Fwp%2Fv2%2Fcomments&post=34"}],"version-history":[{"count":20,"href":"https:\/\/www.uefsanantonio.com\/index.php?rest_route=\/wp\/v2\/pages\/34\/revisions"}],"predecessor-version":[{"id":2978,"href":"https:\/\/www.uefsanantonio.com\/index.php?rest_route=\/wp\/v2\/pages\/34\/revisions\/2978"}],"wp:attachment":[{"href":"https:\/\/www.uefsanantonio.com\/index.php?rest_route=%2Fwp%2Fv2%2Fmedia&parent=34"}],"curies":[{"name":"wp","href":"https:\/\/api.w.org\/{rel}","templated":true}]}}